r when 52 is divided by b?
10
What is the remainder when (-292 + 4)/3*12/(-8) is divided by 37?
33
Let k(g) = g**3 + 8*g**2 + 7. Let b(w) = w**2 - 8*w + 7. Calculate the remainder when b(10) is divided by k(-8).
6
Let i(z) = z**2 + z + 2. Suppose 4*u - 4 = 4. What is the remainder when 39 is divided by i(u)?
7
Let s = -49 - -44. Let f = 29 + -2. Calculate the remainder when (1605/(-6))/s*(-2)/(-1) is divided by f.
26
Suppose 7*p - 45 = 2*p. What is the remainder when (-30)/(-8 + (-42)/(-6)) is divided by p?
3
Let w(c) = 11*c + 187. What is the remainder when 41 is divided by w(-16)?
8
Suppose 50*r - 57*r + 203 = 0. What is the remainder when 172 is divided by r?
27
Let y(l) = l**3 + 22*l**2 + 20*l - 11. Let f(n) = n**2 - 21*n - 1. Let u be f(20). Calculate the remainder when 29 is divided by y(u).
9
Suppose -20*o + 639 = -601. Calculate the remainder when o is divided by 19.
5
Let i be 34/(2 + 12/(-9)). Suppose 3*t + i = 5*j, -3*j + 4*t + 21 = -t. Calculate the remainder when j is divided by 3.
0
Suppose 12*l - l - 264 = 0. Calculate the remainder when 287 is divided by l.
23
Suppose -5*d + a - 24 + 96 = 0, -4*a + 87 = 5*d. Let i be (-2 + 0 - -41)*1. Suppose 0 = -i*f + 43*f - 116. What is the remainder when f is divided by d?
14
Let c = 202 - 128. What is the remainder when c is divided by -5*4*(-38)/20?
36
Suppose -1086 = -4*r + 86. Calculate the remainder when r is divided by 44.
29
Let y(j) = 15*j**2 + 1. Let l be (-5 - -3)*(-3)/(-6). What is the remainder when 45 is divided by y(l)?
13
Let b = -50 + 52. Calculate the remainder when (30/10*692/6)/b is divided by 59.
55
Let k = 11 + -11. Let w(b) = -5 + k - 3 + 1 - b. Calculate the remainder when 4 is divided by w(-9).
0
Let g = -22 - -18. Calculate the remainder when 12/3 - (-50 - g) is divided by 134/8 + (-1)/(-4).
16
Let h(z) = -z**3 + 6*z**2 - 5*z. Calculate the remainder when 23*-2*(0 - 2/4) is divided by h(4).
11
Suppose f + 119 - 130 = 0. Calculate the remainder when 25 is divided by f.
3
Let o(f) = 4*f**2 + f. Let k be ((144/(-8))/((-3)/(-2)))/(-2). Suppose h - 59 - 48 = 4*j, -k = 2*j. What is the remainder when h is divided by o(-2)?
11
Suppose -54 = -51*j + 48*j. Calculate the remainder when j is divided by 8.
2
What is the remainder when 8787/11 + 6 + 192/(-33) is divided by 73?
69
Let u(q) = q**2 - 15*q + 18. Let w be u(26). Let l = w + 3. What is the remainder when l is divided by 31?
28
Let n(u) be the second derivative of 5*u**3/6 + u**2/2 + 2*u. Calculate the remainder when 1/(-2)*15/((-45)/138) is divided by n(1).
5
Let o(r) = -r**3 + 11*r**2 - 10*r + 1. Let c be o(10). What is the remainder when (-20)/(-8)*(41 - c) is divided by 34?
32
What is the remainder when 94 is divided by (-15)/(4 + 23/(-5))?
19
Let g(t) = t**3 + 9*t**2 - 13*t + 5. Let u be g(-10). Suppose -3*y = -x - 6*y + u, -5*x + 235 = 3*y. Calculate the remainder when x is divided by 13.
11
Let p(r) = r**3 - 2*r**2 + 1. What is the remainder when 376/11 - 8/44 is divided by p(3)?
4
Let k(x) = x**3 + 7*x**2 + 5*x - 7. Let m be k(-6). Let g be (1 + m)/((-51)/(-17)). Suppose g = 6*j - j - 60. Calculate the remainder when 22 is divided by j.
10
Suppose 0 = 7*r - 51 - 488. Calculate the remainder when 613 is divided by r.
74
Suppose -4361 = -9*o - 698. Calculate the remainder when o is divided by 135.
2
Suppose 0 = -2*c + 4*g - 26 - 10, -10 = -2*g. Let y = -18 - c. Calculate the remainder when 82 is divided by 2/y + 602/35.
14
What is the remainder when 166 is divided by (38/8)/((-99)/36 + 3)?
14
Let h(n) = -634*n**3 - 2*n**2 + n. Let u be h(-1). Suppose -4*t + u + 341 = 0. Calculate the remainder when t is divided by 49.
47
Let t be (-114)/16 + (-29)/(-232). What is the remainder when 13 is divided by 4/24*-3 + t/(-2)?
1
Suppose 0*t - 2*o + 11 = t, -62 = -2*t + 4*o. Calculate the remainder when t is divided by 19.
2
Suppose 2*u + 96 = f, 9*f = 7*f - 2*u + 198. What is the remainder when f is divided by 27?
17
Suppose 4*s + 10 = -3*r, 2*r - 13*s - 12 = -11*s. Suppose -n - 4*y = 2, 4*n + n - 80 = -r*y. Calculate the remainder when n is divided by 5.
3
Let d be 16/48 - (-488)/(-6). Suppose -4*o = -4*m - 12, o + 4*o - 2*m - 21 = 0. Calculate the remainder when (1/(-3)*2)/(3/d) is divided by o.
3
Let g(r) = r**3 + 30*r**2 + 9*r + 353. Let o = 34 + -17. Calculate the remainder when g(-30) is divided by o.
15
Suppose 0 = -8*b - 6 + 6. Suppose -5*l + 84 - 29 = b. Calculate the remainder when 53 is divided by l.
9
Calculate the remainder when 127 + 80/(-16 - -6) is divided by 63.
56
Suppose -5*h + 97 - 32 = 0. Let w = 38 - h. What is the remainder when 48 is divided by w?
23
Calculate the remainder when (0 - -168) + 17 + -16 is divided by 17.
16
Let t(l) = 160*l - 38. Calculate the remainder when t(1) is divided by 37.
11
Suppose 2*r - 5*r + 4*l + 15 = 0, 0 = 3*l - 9. What is the remainder when ((-4)/(-6) + 15/r)*18 is divided by 15?
12
Let c = -1499 - -1974. What is the remainder when c is divided by 128?
91
Let h(c) = c**2 - 26*c - 5. Calculate the remainder when h(-9) is divided by 53.
45
Let m(h) = -2*h - 6. Let p be m(-6). Suppose -5*f = -2*f - p. What is the remainder when 8 is divided by 9*f/6 - 0?
2
Let b(l) = l**3 - 3*l**2 + 4. Let x be b(2). Suppose -w + 6*w - 4*s - 90 = x, 0 = 2*s. Let p = 42 - w. Calculate the remainder when p is divided by 9.
6
Let l(w) = w**3 - 17*w**2 - w + 23. Let h be l(17). Suppose 76 = h*q + 16. Suppose 0*t = 4*t - 76. Calculate the remainder when t is divided by q.
9
Let p(u) be the first derivative of 7*u**2 - 2*u + 2. What is the remainder when p(11) is divided by 14?
12
Suppose 35 + 15 = 3*d - 4*k, 2*d + 3*k = 22. Suppose 55 = -b + 2*b. Calculate the remainder when b is divided by d.
13
Suppose -96 = -586*p + 584*p. Calculate the remainder when p is divided by 43.
5
Let d be 10/(-6) - (-10)/15. Let y be 8 + d + (-1 - 1). Suppose -y*w + 0*w - 2*t + 95 = 0, -5*t = 3*w - 38. What is the remainder when w is divided by 11?
10
Let d = 288 - 232. What is the remainder when 221 is divided by d?
53
Let n = -90 + 315. What is the remainder when n is divided by 45?
0
Let a(h) = -3*h. Let f = 30 - 31. Let n be a(f). Suppose -2*w - n*x + 3 = -w, -x = -4*w + 64. What is the remainder when 38 is divided by w?
8
Let t(w) = -w**2 - 5*w + 18. Let b be t(-12). Let r = -21 - b. What is the remainder when r is divided by 8?
5
Let q = 36 - 21. Suppose q*z + 340 = 19*z. What is the remainder when z is divided by 11?
8
What is the remainder when 52 is divided by (14 + -10)*3/((-12)/(-11))?
8
Let i(n) = n**3 + 7*n**2 - 11*n + 6. Suppose 40*l + 880 = 50*l. Calculate the remainder when l is divided by i(-8).
28
Let l be (1/(-3))/(16/(-96)). Calculate the remainder when (40 - -2)*l/3 is divided by 6.
4
Let z = -45 + 60. Let k = 50 + z. What is the remainder when k is divided by 17?
14
Let v(t) = -13*t - 59. Calculate the remainder when 148 is divided by v(-6).
15
Let s = 79 + -41. Let v(k) = k**3 + 8*k**2 + 3*k - 8. What is the remainder when s is divided by v(-7)?
18
Let n be 1 - 4/((-12)/9). Let u(p) = 2*p**3 - 2*p**2 + 10*p - 3. What is the remainder when u(n) is divided by 34?
31
Suppose -9*u + 13*u - 700 = -4*a, 701 = 4*u + 3*a. What is the remainder when u is divided by 10?
6
Suppose 7*b + 342 = 25*b. Calculate the remainder when b is divided by 5.
4
Let n(d) = 5*d - 7. Let g be n(3). Suppose -3*x + g + 151 = 0. Let c = -20 + x. What is the remainder when 97 is divided by c?
31
Let j = -32 - -34. Suppose -4*h - j*v = -68, -3*h = v + 2*v - 57. What is the remainder when 56 is divided by h?
11
Suppose 105 = 4*m + 9. Suppose -3*h - f - 7 = m, 22 = -2*h - f. What is the remainder when 26 is divided by (8/4 + h)/(-1)?
5
Suppose 3*p - 14 = 4*n, 3*p + n = 3 + 1. Suppose p*i + 0 = -4. What is the remainder when 25 is divided by (-55)/(-4) - i/8?
11
Suppose -g + 2 = 0, 0 = w - g - g - 2. Let r(p) = -3*p. Calculate the remainder when ((-272)/(-12))/(w/9) is divided by r(-4).
10
What is the remainder when 609/2 - (-19)/(-38) - 5 is divided by 43?
41
Let q = 140 - 77. Suppose -215 = -2*x + 7*x. Let a = x + q. Calculate the remainder when 59 is divided by a.
19
Let c(l) = l**3 + l + 341. Let k be c(0). Let i = k + -225. What is the remainder when i is divided by 15?
11
Let v = 224 + -198. Calculate the remainder wh